{"id":3208,"date":"2020-09-24T09:45:49","date_gmt":"2020-09-24T07:45:49","guid":{"rendered":"https:\/\/www.fourgrandmere.com\/?post_type=product&#038;p=3208"},"modified":"2025-04-18T14:47:18","modified_gmt":"2025-04-18T12:47:18","slug":"pack-pratique-fur-alf-und-fred","status":"publish","type":"product","link":"https:\/\/www.fourgrandmere.com\/de\/produit\/pack-pratique-fur-alf-und-fred\/","title":{"rendered":"Praktische Paket"},"content":{"rendered":"<p>Das Praktisch-Paket wurde entwickelt, um das Kocherlebnis in Ihrem Holzofen zu vereinfachen und zu verbessern.<\/p>\n<p>Dieses Paket ist mit den Modellen <span style=\"color: #ea814c;\"><a style=\"color: #ea814c;\" href=\"https:\/\/www.fourgrandmere.com\/de\/produit\/alf-2\/\">Alf<\/a><\/span>, <span style=\"color: #ea814c;\"><a style=\"color: #ea814c;\" href=\"https:\/\/www.fourgrandmere.com\/de\/produit\/fred-2\/\">Fred<\/a> <\/span>oder jedem Ofen mit <span style=\"color: #ea814c;\"><a style=\"color: #ea814c;\" href=\"https:\/\/www.fourgrandmere.com\/de\/produit\/band-an-der-fassade\/\">Frontleiste<\/a><\/span> kompatibel und enth\u00e4lt ein <span style=\"color: #ea814c;\"><a style=\"color: #ea814c;\" href=\"https:\/\/www.fourgrandmere.com\/de\/produit\/schneidbrett-teller\/\">Schneidebrett<\/a><\/span> aus massivem Buchenholz, das einfach an der Frontleiste befestigt werden kann und so einen direkt zug\u00e4nglichen Platz zum Vorbereiten oder Servieren bietet. Und auch ein <span style=\"color: #ea814c;\"><a style=\"color: #ea814c;\" href=\"https:\/\/www.fourgrandmere.com\/de\/produit\/laser-thermometer\/\">Laserthermometer<\/a><\/span>, mit dem Sie die Temperatur im Inneren des Ofens genau messen k\u00f6nnen, um Ihre Gerichte optimal zuzubereiten.<\/p>\n<p>Das praktische Paket vereint Zweckm\u00e4\u00dfigkeit und Leistung f\u00fcr Ihr Garen auf dem Holzfeuer.<\/p>\n","protected":false},"excerpt":{"rendered":"<p>Das Praktische paket optimiert die Nutzung Ihres Holzofens mit einem Schneidebrett und einem Laser-Thermometer.<\/p>\n","protected":false},"featured_media":3685,"comment_status":"open","ping_status":"closed","template":"","meta":{"_acf_changed":false},"product_brand":[],"product_cat":[1205,403,412],"product_tag":[1207],"class_list":{"0":"post-3208","1":"product","2":"type-product","3":"status-publish","4":"has-post-thumbnail","6":"product_cat-design-zubehoer","7":"product_cat-kuchenartikeln","8":"product_cat-zubehorteile","9":"product_tag-alfred-de","10":"product_shipping_class-verpackung","11":"pa_largeur-0-28-m-de","12":"pa_longueur-0-45-m-de","14":"first","15":"instock","16":"featured","17":"taxable","18":"shipping-taxable","19":"purchasable","20":"product-type-simple"},"acf":[],"_links":{"self":[{"href":"https:\/\/www.fourgrandmere.com\/de\/wp-json\/wp\/v2\/product\/3208","targetHints":{"allow":["GET"]}}],"collection":[{"href":"https:\/\/www.fourgrandmere.com\/de\/wp-json\/wp\/v2\/product"}],"about":[{"href":"https:\/\/www.fourgrandmere.com\/de\/wp-json\/wp\/v2\/types\/product"}],"replies":[{"embeddable":true,"href":"https:\/\/www.fourgrandmere.com\/de\/wp-json\/wp\/v2\/comments?post=3208"}],"wp:featuredmedia":[{"embeddable":true,"href":"https:\/\/www.fourgrandmere.com\/de\/wp-json\/wp\/v2\/media\/3685"}],"wp:attachment":[{"href":"https:\/\/www.fourgrandmere.com\/de\/wp-json\/wp\/v2\/media?parent=3208"}],"wp:term":[{"taxonomy":"product_brand","embeddable":true,"href":"https:\/\/www.fourgrandmere.com\/de\/wp-json\/wp\/v2\/product_brand?post=3208"},{"taxonomy":"product_cat","embeddable":true,"href":"https:\/\/www.fourgrandmere.com\/de\/wp-json\/wp\/v2\/product_cat?post=3208"},{"taxonomy":"product_tag","embeddable":true,"href":"https:\/\/www.fourgrandmere.com\/de\/wp-json\/wp\/v2\/product_tag?post=3208"}],"curies":[{"name":"wp","href":"https:\/\/api.w.org\/{rel}","templated":true}]}}

<p>Das Praktisch-Paket wurde entwickelt, um das Kocherlebnis in Ihrem Holzofen zu vereinfachen und zu verbessern.</p>
<p>Dieses Paket ist mit den Modellen <span style="color: #ea814c;"><a style="color: #ea814c;" href="https://www.fourgrandmere.com/de/produit/alf-2/">Alf</a></span>, <span style="color: #ea814c;"><a style="color: #ea814c;" href="https://www.fourgrandmere.com/de/produit/fred-2/">Fred</a> </span>oder jedem Ofen mit <span style="color: #ea814c;"><a style="color: #ea814c;" href="https://www.fourgrandmere.com/de/produit/band-an-der-fassade/">Frontleiste</a></span> kompatibel und enthält ein <span style="color: #ea814c;"><a style="color: #ea814c;" href="https://www.fourgrandmere.com/de/produit/schneidbrett-teller/">Schneidebrett</a></span> aus massivem Buchenholz, das einfach an der Frontleiste befestigt werden kann und so einen direkt zugänglichen Platz zum Vorbereiten oder Servieren bietet. Und auch ein <span style="color: #ea814c;"><a style="color: #ea814c;" href="https://www.fourgrandmere.com/de/produit/laser-thermometer/">Laserthermometer</a></span>, mit dem Sie die Temperatur im Inneren des Ofens genau messen können, um Ihre Gerichte optimal zuzubereiten.</p>
<p>Das praktische Paket vereint Zweckmäßigkeit und Leistung für Ihr Garen auf dem Holzfeuer.</p>
